{"id":60,"date":"2022-12-28T18:06:16","date_gmt":"2022-12-28T17:06:16","guid":{"rendered":"https:\/\/iudesp.es\/?page_id=60"},"modified":"2023-01-30T16:13:14","modified_gmt":"2023-01-30T15:13:14","slug":"unidades-de-investigacion","status":"publish","type":"page","link":"https:\/\/iudesp.es\/va\/unidades-de-investigacion\/","title":{"rendered":"Unitats d&#8217;investigaci\u00f3"},"content":{"rendered":"\n<div class=\"wp-block-columns is-layout-flex wp-container-core-columns-is-layout-28f84493 wp-block-columns-is-layout-flex\">\n<div class=\"wp-block-column is-layout-flow wp-block-column-is-layout-flow\">\n<figure class=\"wp-block-image size-thumbnail\"><a href=\"https:\/\/iudesp.es\/va\/unidades-de-investigacion\/estudios-de-la-paz\/\"><img loading=\"lazy\" decoding=\"async\" width=\"150\" height=\"150\" src=\"https:\/\/iudesp.es\/va\/wp-content\/uploads\/2022\/12\/demonstration_med-1-150x150.jpeg\" alt=\"\" class=\"wp-image-96\"\/><\/a><\/figure>\n\n\n\n<h2 class=\"has-medium-font-size wp-block-heading\">Estudis de la pau<\/h2>\n<\/div>\n\n\n\n<div class=\"wp-block-column is-layout-flow wp-block-column-is-layout-flow\">\n<figure class=\"wp-block-image size-large\"><a href=\"https:\/\/iudesp.es\/va\/index.php\/unidades-de-investigacion\/pobreza-y-exclusion-social\/\"><img decoding=\"async\" src=\"https:\/\/iudesp.es\/va\/wp-content\/uploads\/2022\/12\/1024px-pobreza_010_300-150x150.jpeg\" alt=\"\"\/><\/a><\/figure>\n\n\n\n<h2 class=\"has-medium-font-size wp-block-heading\">Pobresa i exclusi\u00f3 social<\/h2>\n<\/div>\n\n\n\n<div class=\"wp-block-column is-layout-flow wp-block-column-is-layout-flow\">\n<figure class=\"wp-block-image size-large\"><a href=\"https:\/\/iudesp.es\/va\/index.php\/unidades-de-investigacion\/eleccion-social-y-bienestar\/\"><img decoding=\"async\" src=\"https:\/\/iudesp.es\/va\/wp-content\/uploads\/2022\/12\/decisioncalcs_med-150x150.jpeg\" alt=\"\"\/><\/a><\/figure>\n\n\n\n<h2 class=\"has-medium-font-size wp-block-heading\">Elecci\u00f3 social i benestar<\/h2>\n<\/div>\n<\/div>\n\n\n\n<div class=\"wp-block-columns is-layout-flex wp-container-core-columns-is-layout-28f84493 wp-block-columns-is-layout-flex\">\n<div class=\"wp-block-column is-layout-flow wp-block-column-is-layout-flow\">\n<figure class=\"wp-block-image size-thumbnail\"><a href=\"https:\/\/iudesp.es\/va\/unidades-de-investigacion\/desarrollo-social-democracia-y-diversidad\/\"><img loading=\"lazy\" decoding=\"async\" width=\"150\" height=\"150\" src=\"https:\/\/iudesp.es\/va\/wp-content\/uploads\/2022\/12\/lengua_signos_225-1-150x150.png\" alt=\"\" class=\"wp-image-108\" srcset=\"https:\/\/iudesp.es\/va\/wp-content\/uploads\/2022\/12\/lengua_signos_225-1-150x150.png 150w, https:\/\/iudesp.es\/va\/wp-content\/uploads\/2022\/12\/lengua_signos_225-1.png 225w\" sizes=\"auto, (max-width: 150px) 100vw, 150px\" \/><\/a><\/figure>\n\n\n\n<h2 class=\"has-medium-font-size wp-block-heading\">Desenvolupament social, democr\u00e0cia i diversitat cultural<\/h2>\n<\/div>\n\n\n\n<div class=\"wp-block-column is-layout-flow wp-block-column-is-layout-flow\">\n<figure class=\"wp-block-image size-thumbnail\"><a href=\"https:\/\/iudesp.es\/va\/unidades-de-investigacion\/politicas-publicas-e-intervencion-social\/\"><img loading=\"lazy\" decoding=\"async\" width=\"150\" height=\"150\" src=\"https:\/\/iudesp.es\/va\/wp-content\/uploads\/2022\/12\/people-world-map_med-1-150x150.png\" alt=\"\" class=\"wp-image-111\"\/><\/a><\/figure>\n\n\n\n<h2 class=\"has-medium-font-size wp-block-heading\">Pol\u00edtiques p\u00fabliques i intervenci\u00f3 social<\/h2>\n<\/div>\n\n\n\n<div class=\"wp-block-column is-layout-flow wp-block-column-is-layout-flow\">\n<figure class=\"wp-block-image size-thumbnail\"><a href=\"https:\/\/iudesp.es\/va\/unidades-de-investigacion\/analisis-estructural-y-dinamicas-de-cambio\/\"><img loading=\"lazy\" decoding=\"async\" width=\"150\" height=\"150\" src=\"https:\/\/iudesp.es\/va\/wp-content\/uploads\/2022\/12\/model-610527-1-150x150.gif\" alt=\"\" class=\"wp-image-114\"\/><\/a><\/figure>\n\n\n\n<h2 class=\"has-medium-font-size wp-block-heading\">An\u00e0lisi estructural i din\u00e0miques de canvi<\/h2>\n<\/div>\n<\/div>\n","protected":false},"excerpt":{"rendered":"<p>Estudis de la pau Pobresa i exclusi\u00f3 social Elecci\u00f3 social i benestar Desenvolupament social, democr\u00e0cia i diversitat cultural Pol\u00edtiques p\u00fabliques i intervenci\u00f3 social An\u00e0lisi estructural i din\u00e0miques de canvi<\/p>\n","protected":false},"author":1,"featured_media":0,"parent":0,"menu_order":2,"comment_status":"closed","ping_status":"closed","template":"","meta":{"footnotes":""},"class_list":["post-60","page","type-page","status-publish","hentry"],"_links":{"self":[{"href":"https:\/\/iudesp.es\/va\/wp-json\/wp\/v2\/pages\/60","targetHints":{"allow":["GET"]}}],"collection":[{"href":"https:\/\/iudesp.es\/va\/wp-json\/wp\/v2\/pages"}],"about":[{"href":"https:\/\/iudesp.es\/va\/wp-json\/wp\/v2\/types\/page"}],"author":[{"embeddable":true,"href":"https:\/\/iudesp.es\/va\/wp-json\/wp\/v2\/users\/1"}],"replies":[{"embeddable":true,"href":"https:\/\/iudesp.es\/va\/wp-json\/wp\/v2\/comments?post=60"}],"version-history":[{"count":1,"href":"https:\/\/iudesp.es\/va\/wp-json\/wp\/v2\/pages\/60\/revisions"}],"predecessor-version":[{"id":501,"href":"https:\/\/iudesp.es\/va\/wp-json\/wp\/v2\/pages\/60\/revisions\/501"}],"wp:attachment":[{"href":"https:\/\/iudesp.es\/va\/wp-json\/wp\/v2\/media?parent=60"}],"curies":[{"name":"wp","href":"https:\/\/api.w.org\/{rel}","templated":true}]}}

Unitats d&#8217;investigació

<div class="wp-block-columns is-layout-flex wp-container-core-columns-is-layout-28f84493 wp-block-columns-is-layout-flex">
<div class="wp-block-column is-layout-flow wp-block-column-is-layout-flow">
<figure class="wp-block-image size-thumbnail"><a href="https://iudesp.es/va/unidades-de-investigacion/estudios-de-la-paz/"><img loading="lazy" decoding="async" width="150" height="150" src="https://iudesp.es/va/wp-content/uploads/2022/12/demonstration_med-1-150x150.jpeg" alt="" class="wp-image-96"/></a></figure>



<h2 class="has-medium-font-size wp-block-heading">Estudis de la pau</h2>
</div>



<div class="wp-block-column is-layout-flow wp-block-column-is-layout-flow">
<figure class="wp-block-image size-large"><a href="https://iudesp.es/va/index.php/unidades-de-investigacion/pobreza-y-exclusion-social/"><img decoding="async" src="https://iudesp.es/va/wp-content/uploads/2022/12/1024px-pobreza_010_300-150x150.jpeg" alt=""/></a></figure>



<h2 class="has-medium-font-size wp-block-heading">Pobresa i exclusió social</h2>
</div>



<div class="wp-block-column is-layout-flow wp-block-column-is-layout-flow">
<figure class="wp-block-image size-large"><a href="https://iudesp.es/va/index.php/unidades-de-investigacion/eleccion-social-y-bienestar/"><img decoding="async" src="https://iudesp.es/va/wp-content/uploads/2022/12/decisioncalcs_med-150x150.jpeg" alt=""/></a></figure>



<h2 class="has-medium-font-size wp-block-heading">Elecció social i benestar</h2>
</div>
</div>



<div class="wp-block-columns is-layout-flex wp-container-core-columns-is-layout-28f84493 wp-block-columns-is-layout-flex">
<div class="wp-block-column is-layout-flow wp-block-column-is-layout-flow">
<figure class="wp-block-image size-thumbnail"><a href="https://iudesp.es/va/unidades-de-investigacion/desarrollo-social-democracia-y-diversidad/"><img loading="lazy" decoding="async" width="150" height="150" src="https://iudesp.es/va/wp-content/uploads/2022/12/lengua_signos_225-1-150x150.png" alt="" class="wp-image-108" srcset="https://iudesp.es/va/wp-content/uploads/2022/12/lengua_signos_225-1-150x150.png 150w, https://iudesp.es/va/wp-content/uploads/2022/12/lengua_signos_225-1.png 225w" sizes="auto, (max-width: 150px) 100vw, 150px" /></a></figure>



<h2 class="has-medium-font-size wp-block-heading">Desenvolupament social, democràcia i diversitat cultural</h2>
</div>



<div class="wp-block-column is-layout-flow wp-block-column-is-layout-flow">
<figure class="wp-block-image size-thumbnail"><a href="https://iudesp.es/va/unidades-de-investigacion/politicas-publicas-e-intervencion-social/"><img loading="lazy" decoding="async" width="150" height="150" src="https://iudesp.es/va/wp-content/uploads/2022/12/people-world-map_med-1-150x150.png" alt="" class="wp-image-111"/></a></figure>



<h2 class="has-medium-font-size wp-block-heading">Polítiques públiques i intervenció social</h2>
</div>



<div class="wp-block-column is-layout-flow wp-block-column-is-layout-flow">
<figure class="wp-block-image size-thumbnail"><a href="https://iudesp.es/va/unidades-de-investigacion/analisis-estructural-y-dinamicas-de-cambio/"><img loading="lazy" decoding="async" width="150" height="150" src="https://iudesp.es/va/wp-content/uploads/2022/12/model-610527-1-150x150.gif" alt="" class="wp-image-114"/></a></figure>



<h2 class="has-medium-font-size wp-block-heading">Anàlisi estructural i dinàmiques de canvi</h2>
</div>
</div>

<p>Estudis de la pau Pobresa i exclusió social Elecció social i benestar Desenvolupament social, democràcia i diversitat cultural Polítiques públiques i intervenció social Anàlisi estructural i dinàmiques de canvi</p>
