{"id":113,"date":"2022-12-30T18:32:56","date_gmt":"2022-12-30T17:32:56","guid":{"rendered":"https:\/\/iudesp.es\/?page_id=113"},"modified":"2025-02-14T10:18:19","modified_gmt":"2025-02-14T09:18:19","slug":"analisis-estructural-y-dinamicas-de-cambio","status":"publish","type":"page","link":"https:\/\/iudesp.es\/va\/unidades-de-investigacion\/analisis-estructural-y-dinamicas-de-cambio\/","title":{"rendered":"An\u00e0lisi estructural i din\u00e0miques de canvi"},"content":{"rendered":"\n<figure class=\"wp-block-image aligncenter size-large\"><img decoding=\"async\" src=\"https:\/\/iudesp.es\/va\/wp-content\/uploads\/2022\/12\/model-610527-1-300x259.gif\" alt=\"\"\/><\/figure>\n\n\n\n<p>El creixent dinamisme i incertesa que caracteritzen les estructures econ\u00f2miques, institucionals, pol\u00edtiques, demogr\u00e0fiques o culturals de les societats contempor\u00e0nies requereix una tasca d&#8217;observaci\u00f3 i an\u00e0lisi constant. Espec\u00edficament, en l&#8217;\u00e0mbit del desenvolupament social, processos com els d&#8217;integraci\u00f3-desintegraci\u00f3, inclusi\u00f3-exclusi\u00f3, identitat-alienaci\u00f3, conviv\u00e8ncia-conflicte o els desequilibris territorials constitueixen exemples d&#8217;objectes de recerca permanents a les ci\u00e8ncies socials, alhora que espais de reflexi\u00f3 per a la construcci\u00f3 d&#8217;estrat\u00e8gies o propostes transformadores.<\/p>\n\n\n\n<p>El grup de treball que conforma la unitat d&#8217;An\u00e0lisi Estructural i Din\u00e0miques de Canvi assumeix com a marc d&#8217;actuaci\u00f3 en la seua activitat la identificaci\u00f3 i la investigaci\u00f3 d&#8217;aspectes relacionats amb la perman\u00e8ncia, el canvi, la transformaci\u00f3, la prospectiva o la innovaci\u00f3 en les principals estructures lligades al desenvolupament social de les societats contempor\u00e0nies.<a id=\"arriba\"><\/a><\/p>\n\n\n\n<p><a href=\"#lineas\">L\u00ednies de treball<\/a>&nbsp;&nbsp;<a href=\"#personal\">Membres<\/a>&nbsp;&nbsp;<a href=\"#publicaciones\">\u00daltimes publicacions<\/a>&nbsp;<\/p>\n\n\n\n<p><a id=\"lineas\"><\/a><\/p>\n\n\n\n<p class=\"has-large-font-size\"><strong>L\u00ednies de treball<\/strong><\/p>\n\n\n\n<p><strong>Desenvolupament d&#8217;investigacions relacionades amb l&#8217;an\u00e0lisi d&#8217;estructures i processos de canvi social,<\/strong> especialment en l&#8217;\u00e0mbit sociopol\u00edtic, sociocultural i sociodemogr\u00e0fic, que contribu\u00efsquen a la construcci\u00f3 de coneixement \u00fatil per a la generaci\u00f3 d&#8217;entorns de pau i desenvolupament o la superaci\u00f3 de barreres estructurals referides a aquestes q\u00fcestions.<\/p>\n\n\n\n<p><strong>Organitzaci\u00f3 de trobades, jornades o esdeveniments<\/strong> sobre diversos aspectes vinculats amb transformacions i canvis socials, especialment en els \u00e0mbits descrits anteriorment.<\/p>\n\n\n\n<p><strong>Creaci\u00f3, recopilaci\u00f3 i tractament<\/strong> <strong>de fonts de dades<\/strong> relacionades amb els \u00e0mbits descrits anteriorment.<\/p>\n\n\n\n<p><strong>Promoci\u00f3 de publicacions, aix\u00ed com materials docents<\/strong> que faciliten la investigaci\u00f3 d&#8217;estructures i processos de canvi social.<\/p>\n\n\n\n<p><a id=\"personal\" href=\"#arriba\"><strong>\u2191 amunt<\/strong><\/a><\/p>\n\n\n\n<p class=\"has-large-font-size\"><strong>Membres<\/strong><\/p>\n\n\n\n<p><strong>Coordinador:<\/strong>&nbsp;<a href=\"https:\/\/cvnet.cpd.ua.es\/curriculum-breve\/es\/frances-garcia-francisco-jose\/10409\" data-type=\"URL\" data-id=\"https:\/\/cvnet.cpd.ua.es\/curriculum-breve\/es\/frances-garcia-francisco-jose\/10409\">FRANC\u00c9S GARC\u00cdA, Francisco<\/a><\/p>\n\n\n\n<p><strong>Membres:<br><\/strong><a href=\"https:\/\/cvnet.cpd.ua.es\/curriculum-breve\/es\/alaminos-chica-antonio-francisco\/27861\" data-type=\"URL\" data-id=\"https:\/\/cvnet.cpd.ua.es\/curriculum-breve\/es\/alaminos-chica-antonio-francisco\/27861\">ALAMINOS CHICA, Antonio<\/a><br><a href=\"https:\/\/cvnet.cpd.ua.es\/curriculum-breve\/es\/lopez-fernandez-cristina\/29844\" data-type=\"URL\" data-id=\"https:\/\/cvnet.cpd.ua.es\/curriculum-breve\/es\/lopez-fernandez-cristina\/29844\">L\u00d3PEZ FERN\u00c1NDEZ, Cristina<\/a><br><a href=\"https:\/\/cvnet.cpd.ua.es\/Directorio\/FichaPersona\/39784?depende=B120&amp;que=SAMUEL%20ORTIZ%20PEREZ&amp;seleccionBusqueda=Persona\">ORTIZ P\u00c9REZ, Samuel<\/a><a href=\"https:\/\/cvnet.cpd.ua.es\/curriculum-breve\/es\/lopez-fernandez-cristina\/29844\" data-type=\"URL\" data-id=\"https:\/\/cvnet.cpd.ua.es\/curriculum-breve\/es\/lopez-fernandez-cristina\/29844\"><br><\/a><a href=\"https:\/\/cvnet.cpd.ua.es\/curriculum-breve\/es\/santacreu-fernandez-oscar-antonio\/15146\" data-type=\"URL\" data-id=\"https:\/\/cvnet.cpd.ua.es\/curriculum-breve\/es\/santacreu-fernandez-oscar-antonio\/15146\">SANTACREU FERN\u00c1NDEZ, Oscar<\/a><br>VERD\u00da APARICIO, Cristina<\/p>\n\n\n\n<p><a id=\"publicaciones\" href=\"#arriba\"><strong>\u2191 amunt<\/strong><\/a><\/p>\n\n\n\n<p class=\"has-large-font-size\"><strong>\u00daltimes publicacions<\/strong><\/p>\n\n\n\n<p><a href=\"#arriba\"><strong>\u2191 amunt<\/strong><\/a><\/p>\n","protected":false},"excerpt":{"rendered":"<p>El creixent dinamisme i incertesa que caracteritzen les estructures econ\u00f2miques, institucionals, pol\u00edtiques, demogr\u00e0fiques o culturals de les societats contempor\u00e0nies requereix una tasca d&#8217;observaci\u00f3 i an\u00e0lisi constant. Espec\u00edficament, en l&#8217;\u00e0mbit del desenvolupament social, processos com els d&#8217;integraci\u00f3-desintegraci\u00f3, inclusi\u00f3-exclusi\u00f3, identitat-alienaci\u00f3, conviv\u00e8ncia-conflicte o els desequilibris territorials constitueixen exemples d&#8217;objectes de recerca permanents a les ci\u00e8ncies socials, alhora que [&hellip;]<\/p>\n","protected":false},"author":1,"featured_media":0,"parent":60,"menu_order":6,"comment_status":"closed","ping_status":"closed","template":"","meta":{"footnotes":""},"class_list":["post-113","page","type-page","status-publish","hentry"],"_links":{"self":[{"href":"https:\/\/iudesp.es\/va\/wp-json\/wp\/v2\/pages\/113","targetHints":{"allow":["GET"]}}],"collection":[{"href":"https:\/\/iudesp.es\/va\/wp-json\/wp\/v2\/pages"}],"about":[{"href":"https:\/\/iudesp.es\/va\/wp-json\/wp\/v2\/types\/page"}],"author":[{"embeddable":true,"href":"https:\/\/iudesp.es\/va\/wp-json\/wp\/v2\/users\/1"}],"replies":[{"embeddable":true,"href":"https:\/\/iudesp.es\/va\/wp-json\/wp\/v2\/comments?post=113"}],"version-history":[{"count":4,"href":"https:\/\/iudesp.es\/va\/wp-json\/wp\/v2\/pages\/113\/revisions"}],"predecessor-version":[{"id":793,"href":"https:\/\/iudesp.es\/va\/wp-json\/wp\/v2\/pages\/113\/revisions\/793"}],"up":[{"embeddable":true,"href":"https:\/\/iudesp.es\/va\/wp-json\/wp\/v2\/pages\/60"}],"wp:attachment":[{"href":"https:\/\/iudesp.es\/va\/wp-json\/wp\/v2\/media?parent=113"}],"curies":[{"name":"wp","href":"https:\/\/api.w.org\/{rel}","templated":true}]}}

Anàlisi estructural i dinàmiques de canvi

<figure class="wp-block-image aligncenter size-large"><img decoding="async" src="https://iudesp.es/va/wp-content/uploads/2022/12/model-610527-1-300x259.gif" alt=""/></figure>



<p>El creixent dinamisme i incertesa que caracteritzen les estructures econòmiques, institucionals, polítiques, demogràfiques o culturals de les societats contemporànies requereix una tasca d&#8217;observació i anàlisi constant. Específicament, en l&#8217;àmbit del desenvolupament social, processos com els d&#8217;integració-desintegració, inclusió-exclusió, identitat-alienació, convivència-conflicte o els desequilibris territorials constitueixen exemples d&#8217;objectes de recerca permanents a les ciències socials, alhora que espais de reflexió per a la construcció d&#8217;estratègies o propostes transformadores.</p>



<p>El grup de treball que conforma la unitat d&#8217;Anàlisi Estructural i Dinàmiques de Canvi assumeix com a marc d&#8217;actuació en la seua activitat la identificació i la investigació d&#8217;aspectes relacionats amb la permanència, el canvi, la transformació, la prospectiva o la innovació en les principals estructures lligades al desenvolupament social de les societats contemporànies.<a id="arriba"></a></p>



<p><a href="#lineas">Línies de treball</a>&nbsp;&nbsp;<a href="#personal">Membres</a>&nbsp;&nbsp;<a href="#publicaciones">Últimes publicacions</a>&nbsp;</p>



<p><a id="lineas"></a></p>



<p class="has-large-font-size"><strong>Línies de treball</strong></p>



<p><strong>Desenvolupament d&#8217;investigacions relacionades amb l&#8217;anàlisi d&#8217;estructures i processos de canvi social,</strong> especialment en l&#8217;àmbit sociopolític, sociocultural i sociodemogràfic, que contribuïsquen a la construcció de coneixement útil per a la generació d&#8217;entorns de pau i desenvolupament o la superació de barreres estructurals referides a aquestes qüestions.</p>



<p><strong>Organització de trobades, jornades o esdeveniments</strong> sobre diversos aspectes vinculats amb transformacions i canvis socials, especialment en els àmbits descrits anteriorment.</p>



<p><strong>Creació, recopilació i tractament</strong> <strong>de fonts de dades</strong> relacionades amb els àmbits descrits anteriorment.</p>



<p><strong>Promoció de publicacions, així com materials docents</strong> que faciliten la investigació d&#8217;estructures i processos de canvi social.</p>



<p><a id="personal" href="#arriba"><strong>↑ amunt</strong></a></p>



<p class="has-large-font-size"><strong>Membres</strong></p>



<p><strong>Coordinador:</strong>&nbsp;<a href="https://cvnet.cpd.ua.es/curriculum-breve/es/frances-garcia-francisco-jose/10409" data-type="URL" data-id="https://cvnet.cpd.ua.es/curriculum-breve/es/frances-garcia-francisco-jose/10409">FRANCÉS GARCÍA, Francisco</a></p>



<p><strong>Membres:<br></strong><a href="https://cvnet.cpd.ua.es/curriculum-breve/es/alaminos-chica-antonio-francisco/27861" data-type="URL" data-id="https://cvnet.cpd.ua.es/curriculum-breve/es/alaminos-chica-antonio-francisco/27861">ALAMINOS CHICA, Antonio</a><br><a href="https://cvnet.cpd.ua.es/curriculum-breve/es/lopez-fernandez-cristina/29844" data-type="URL" data-id="https://cvnet.cpd.ua.es/curriculum-breve/es/lopez-fernandez-cristina/29844">LÓPEZ FERNÁNDEZ, Cristina</a><br><a href="https://cvnet.cpd.ua.es/Directorio/FichaPersona/39784?depende=B120&amp;que=SAMUEL%20ORTIZ%20PEREZ&amp;seleccionBusqueda=Persona">ORTIZ PÉREZ, Samuel</a><a href="https://cvnet.cpd.ua.es/curriculum-breve/es/lopez-fernandez-cristina/29844" data-type="URL" data-id="https://cvnet.cpd.ua.es/curriculum-breve/es/lopez-fernandez-cristina/29844"><br></a><a href="https://cvnet.cpd.ua.es/curriculum-breve/es/santacreu-fernandez-oscar-antonio/15146" data-type="URL" data-id="https://cvnet.cpd.ua.es/curriculum-breve/es/santacreu-fernandez-oscar-antonio/15146">SANTACREU FERNÁNDEZ, Oscar</a><br>VERDÚ APARICIO, Cristina</p>



<p><a id="publicaciones" href="#arriba"><strong>↑ amunt</strong></a></p>



<p class="has-large-font-size"><strong>Últimes publicacions</strong></p>



<p><a href="#arriba"><strong>↑ amunt</strong></a></p>

<p>El creixent dinamisme i incertesa que caracteritzen les estructures econòmiques, institucionals, polítiques, demogràfiques o culturals de les societats contemporànies requereix una tasca d&#8217;observació i anàlisi constant. Específicament, en l&#8217;àmbit del desenvolupament social, processos com els d&#8217;integració-desintegració, inclusió-exclusió, identitat-alienació, convivència-conflicte o els desequilibris territorials constitueixen exemples d&#8217;objectes de recerca permanents a les ciències socials, alhora que [&hellip;]</p>
