{"id":104,"date":"2022-12-30T18:23:06","date_gmt":"2022-12-30T17:23:06","guid":{"rendered":"https:\/\/iudesp.es\/?page_id=104"},"modified":"2023-01-30T16:15:16","modified_gmt":"2023-01-30T15:15:16","slug":"eleccion-social-y-bienestar","status":"publish","type":"page","link":"https:\/\/iudesp.es\/va\/unidades-de-investigacion\/eleccion-social-y-bienestar\/","title":{"rendered":"Elecci\u00f3 Social i Benestar"},"content":{"rendered":"\n<figure class=\"wp-block-image aligncenter size-large\"><img decoding=\"async\" src=\"https:\/\/iudesp.es\/va\/wp-content\/uploads\/2022\/12\/decisioncalcs_med-1.jpeg\" alt=\"\"\/><\/figure>\n\n\n\n<p>El grup d&#8217;Elecci\u00f3 Social i Benestar centra les seues investigacions en diversos aspectes de la presa de decisions, dins d&#8217;un col\u00b7lectiu, i la seua possible repercussi\u00f3 en l&#8217;\u00e0mbit social. A t\u00edtol il\u00b7lustratiu, es desenvolupen estudis sobre:<\/p>\n\n\n\n<ul class=\"wp-block-list\">\n<li>Procediments d&#8217;assignaci\u00f3 de prefer\u00e8ncies<\/li>\n\n\n\n<li>M\u00e8todes de decisi\u00f3 col\u00b7lectiva (votacions, tornejos, etc.)<\/li>\n\n\n\n<li>Creixement econ\u00f2mic i desenvolupament social.<\/li>\n\n\n\n<li>Regles i processos d&#8217;assignaci\u00f3 aplicats a diferents \u00e0mbits, com ara distribuci\u00f3 de costos, recursos humans, disseny de sistemes impositius i d&#8217;incentius, finan\u00e7ament de projectes p\u00fablics, etc.<\/li>\n\n\n\n<li>Processos de creaci\u00f3 i dissoluci\u00f3 de societats<a id=\"arriba\"><\/a><\/li>\n<\/ul>\n\n\n\n<p><a href=\"#lineas\">L\u00ednies de treball<\/a>&nbsp;&nbsp;<a href=\"#personal\">Membres<\/a>&nbsp;<a id=\"lineas\"><\/a><\/p>\n\n\n\n<p class=\"has-large-font-size\"><strong>L\u00ednies de treball<\/strong><\/p>\n\n\n\n<p><strong>Procediments d&#8217;assignaci\u00f3 de prefer\u00e8ncies<\/strong><\/p>\n\n\n\n<p>Davant la dificultat de generar una ordenaci\u00f3 d&#8217;alternatives socials, a partir dels interessos individuals, sorgeixen diverses opcions que intenten minimitzar el trade-off existent entre totes dues facetes. La necessitat de resoldre aquest problema t\u00e9 clars exponents en el marc actual de globalitzaci\u00f3 socioecon\u00f2mica. En un altre ordre de coses, l&#8217;augment de l&#8217;heterogene\u00eftat de les cultures que integren les Comunitats Europees incideix en la necessitat de consensuar ordenacions col\u00b7lectives que arrepleguen les ordenacions individuals.<\/p>\n\n\n\n<p><strong>M\u00e8todes de decisi\u00f3 col\u00b7lectiva<\/strong><\/p>\n\n\n\n<p>La creixent globalitzaci\u00f3 a la qual estem sent sotmesos requereix processos d&#8217;elecci\u00f3 que puguen ser assumits pels integrants de totes i cadascuna de les diferents societats. \u00c9s ben sabut que la determinaci\u00f3 del proc\u00e9s de votaci\u00f3 pot influir sobre el resultat d&#8217;aquesta. L&#8217;inter\u00e8s principal \u00e9s evitar, en la mesura que siga possible, alts graus de manipulaci\u00f3 en el proc\u00e9s de decisions indu\u00eft pel disseny d&#8217;aquest.<\/p>\n\n\n\n<p><strong>Creixement econ\u00f2mic i desenvolupament social<\/strong><\/p>\n\n\n\n<p>Despr\u00e9s de d\u00e8cades d&#8217;intensa investigaci\u00f3 sobre els determinants del creixement econ\u00f2mic i de com fer arribar la prosperitat i el benestar social dels pa\u00efsos m\u00e9s rics als m\u00e9s pobres, sorgeix la necessitat d&#8217;entendre per qu\u00e8 en la pr\u00e0ctica, en la majoria dels casos, s&#8217;ha fallat en les mesures adoptades. Sorgeix la necessitat d&#8217;entendre per qu\u00e8 en algunes regions han funcionat els incentius al creixement i en unes altres no, i en quina mesura el proc\u00e9s de creixement est\u00e0 lligat a l&#8217;efici\u00e8ncia de les institucions. \u00c9s imperatiu entendre quins s\u00f3n i com actuen les barreres al creixement econ\u00f2mic per a poder dissenyar els mecanismes capa\u00e7os de generar un proc\u00e9s de converg\u00e8ncia dels pa\u00efsos m\u00e9s pobres cap als nivells de benestar i desenvolupament social dels m\u00e9s rics.&nbsp;<\/p>\n\n\n\n<p><strong>Regles i processos d&#8217;assignaci\u00f3<\/strong><\/p>\n\n\n\n<p>Un dels principals problemes socioecon\u00f2mics sorgeix del disseny de regles d&#8217;assignaci\u00f3. Entre els diferents objectius que ha de plantejar-se el legislador, un dels principals \u00e9s reduir el conflicte existent entre els agents. Les pautes que imposa la Just\u00edcia Social s\u00f3n, a vegades, conflictives, podent portar a la no reconciliaci\u00f3 d&#8217;aquestes. El principal objectiu \u00e9s rebutjar el menor n\u00famero dels grans Principis d&#8217;Equitat, sense caure en el conflicte anteriorment apuntat.&nbsp;<\/p>\n\n\n\n<p>Entre els problemes m\u00e9s comunament analitzats podem destacar:<\/p>\n\n\n\n<ul class=\"wp-block-list\">\n<li>Distribuci\u00f3 de costos, l&#8217;aplicaci\u00f3 dels quals a les diferents facetes, tant econ\u00f2miques com socials \u00e9s d&#8217;especial rellev\u00e0ncia.<\/li>\n\n\n\n<li>Determinaci\u00f3 de sistemes impositius que permeten finan\u00e7ar les actuacions socials.<\/li>\n\n\n\n<li>Control mediambiental mitjan\u00e7ant sistemes d&#8217;incentius.<\/li>\n\n\n\n<li>Assignaci\u00f3 de recursos humans a les diferents tasques a desenvolupar, en funci\u00f3 de les habilitats dels agents i les caracter\u00edstiques del lloc a exercir.<\/li>\n\n\n\n<li>Millora des del punt de vista social, de l&#8217;assignaci\u00f3 dels estudiants a les diferents titulacions, en funci\u00f3 de l&#8217;adequaci\u00f3 dels mateixos als requisits d&#8217;aquestes i a les necessitats socials.<\/li>\n\n\n\n<li>Finan\u00e7ament de projectes p\u00fablics, atesa la racionalitzaci\u00f3 del cost i l&#8217;optimitzaci\u00f3 del servei.<\/li>\n\n\n\n<li>Disseny de mecanismes que ajuden a mitigar la desigualtat salarial per ra\u00f3 de sexe.<\/li>\n<\/ul>\n\n\n\n<p><strong>Processos de creaci\u00f3 i dissoluci\u00f3 de societats<\/strong><\/p>\n\n\n\n<p>En aquest \u00e0mbit, \u00e9s de destacar l&#8217;inter\u00e8s per analitzar els processos de gestaci\u00f3 d&#8217;acords a escala internacional, com ara el creixement geogr\u00e0fic que est\u00e0 patint la Uni\u00f3 Europea.<\/p>\n\n\n\n<p>\u00c9s aix\u00ed mateix de remarcar la necessitat d&#8217;analitzar els acords que porten a una certa evoluci\u00f3 de la societat quant a l&#8217;\u00e0mbit familiar es refereix. Entendre com i per qu\u00e8 condicionants socioecon\u00f2mics influeixen en la configuraci\u00f3 de les llars, atesa la generaci\u00f3 o ruptura de fam\u00edlies en el sentit tradicional.<\/p>\n\n\n\n<p><a id=\"personal\" href=\"#arriba\"><strong>\u2191 amunt<\/strong><\/a><\/p>\n\n\n\n<p class=\"has-large-font-size\"><strong>Membres<\/strong><\/p>\n\n\n\n<p><strong>Coordinador:<\/strong>&nbsp;<a href=\"https:\/\/cvnet.cpd.ua.es\/curriculum-breve\/es\/alcalde-perez-jose\/5840\">Alcalde P\u00e9rez, Jos\u00e9&nbsp;<\/a><\/p>\n\n\n\n<p><strong>Membres:<br><\/strong><a href=\"https:\/\/cvnet.cpd.ua.es\/curriculum-breve\/es\/denia-cuesta-alfonsa\/27362\">Denia Cuesta, Alfonsa<\/a><br><a href=\"https:\/\/cvnet.cpd.ua.es\/curriculum-breve\/es\/guillo-fuentes-maria-dolores\/13221\">Guill\u00f3 Fuentes, Dolores<\/a><br>Kostova Karabotcheva, Miroslava<br>Ort\u00edz Ar\u00e9valo, Pamela<br><a href=\"https:\/\/cvnet.cpd.ua.es\/curriculum-breve\/es\/peris-ferrando-josep-enric\/3471\">Peris Ferrando, Josep Enric<\/a><br>Silva Reus, Jos\u00e9 \u00c1ngel<br><a href=\"https:\/\/cvnet.cpd.ua.es\/curriculum-breve\/es\/subiza-martinez-maria-begona\/7848\">Subiza Mart\u00ednez, Mar\u00eda Bego\u00f1a<\/a><\/p>\n\n\n\n<p><a id=\"publicaciones\" href=\"#arriba\"><strong>\u2191 amunt<\/strong><\/a><\/p>\n\n\n\n<p class=\"has-large-font-size\"><\/p>\n\n\n\n<p><\/p>\n","protected":false},"excerpt":{"rendered":"<p>El grup d&#8217;Elecci\u00f3 Social i Benestar centra les seues investigacions en diversos aspectes de la presa de decisions, dins d&#8217;un col\u00b7lectiu, i la seua possible repercussi\u00f3 en l&#8217;\u00e0mbit social. A t\u00edtol il\u00b7lustratiu, es desenvolupen estudis sobre: L\u00ednies de treball&nbsp;&nbsp;Membres&nbsp; L\u00ednies de treball Procediments d&#8217;assignaci\u00f3 de prefer\u00e8ncies Davant la dificultat de generar una ordenaci\u00f3 d&#8217;alternatives socials, [&hellip;]<\/p>\n","protected":false},"author":1,"featured_media":0,"parent":60,"menu_order":3,"comment_status":"closed","ping_status":"closed","template":"","meta":{"footnotes":""},"class_list":["post-104","page","type-page","status-publish","hentry"],"_links":{"self":[{"href":"https:\/\/iudesp.es\/va\/wp-json\/wp\/v2\/pages\/104","targetHints":{"allow":["GET"]}}],"collection":[{"href":"https:\/\/iudesp.es\/va\/wp-json\/wp\/v2\/pages"}],"about":[{"href":"https:\/\/iudesp.es\/va\/wp-json\/wp\/v2\/types\/page"}],"author":[{"embeddable":true,"href":"https:\/\/iudesp.es\/va\/wp-json\/wp\/v2\/users\/1"}],"replies":[{"embeddable":true,"href":"https:\/\/iudesp.es\/va\/wp-json\/wp\/v2\/comments?post=104"}],"version-history":[{"count":1,"href":"https:\/\/iudesp.es\/va\/wp-json\/wp\/v2\/pages\/104\/revisions"}],"predecessor-version":[{"id":502,"href":"https:\/\/iudesp.es\/va\/wp-json\/wp\/v2\/pages\/104\/revisions\/502"}],"up":[{"embeddable":true,"href":"https:\/\/iudesp.es\/va\/wp-json\/wp\/v2\/pages\/60"}],"wp:attachment":[{"href":"https:\/\/iudesp.es\/va\/wp-json\/wp\/v2\/media?parent=104"}],"curies":[{"name":"wp","href":"https:\/\/api.w.org\/{rel}","templated":true}]}}

Elecció Social i Benestar

<figure class="wp-block-image aligncenter size-large"><img decoding="async" src="https://iudesp.es/va/wp-content/uploads/2022/12/decisioncalcs_med-1.jpeg" alt=""/></figure>



<p>El grup d&#8217;Elecció Social i Benestar centra les seues investigacions en diversos aspectes de la presa de decisions, dins d&#8217;un col·lectiu, i la seua possible repercussió en l&#8217;àmbit social. A títol il·lustratiu, es desenvolupen estudis sobre:</p>



<ul class="wp-block-list">
<li>Procediments d&#8217;assignació de preferències</li>



<li>Mètodes de decisió col·lectiva (votacions, tornejos, etc.)</li>



<li>Creixement econòmic i desenvolupament social.</li>



<li>Regles i processos d&#8217;assignació aplicats a diferents àmbits, com ara distribució de costos, recursos humans, disseny de sistemes impositius i d&#8217;incentius, finançament de projectes públics, etc.</li>



<li>Processos de creació i dissolució de societats<a id="arriba"></a></li>
</ul>



<p><a href="#lineas">Línies de treball</a>&nbsp;&nbsp;<a href="#personal">Membres</a>&nbsp;<a id="lineas"></a></p>



<p class="has-large-font-size"><strong>Línies de treball</strong></p>



<p><strong>Procediments d&#8217;assignació de preferències</strong></p>



<p>Davant la dificultat de generar una ordenació d&#8217;alternatives socials, a partir dels interessos individuals, sorgeixen diverses opcions que intenten minimitzar el trade-off existent entre totes dues facetes. La necessitat de resoldre aquest problema té clars exponents en el marc actual de globalització socioeconòmica. En un altre ordre de coses, l&#8217;augment de l&#8217;heterogeneïtat de les cultures que integren les Comunitats Europees incideix en la necessitat de consensuar ordenacions col·lectives que arrepleguen les ordenacions individuals.</p>



<p><strong>Mètodes de decisió col·lectiva</strong></p>



<p>La creixent globalització a la qual estem sent sotmesos requereix processos d&#8217;elecció que puguen ser assumits pels integrants de totes i cadascuna de les diferents societats. És ben sabut que la determinació del procés de votació pot influir sobre el resultat d&#8217;aquesta. L&#8217;interès principal és evitar, en la mesura que siga possible, alts graus de manipulació en el procés de decisions induït pel disseny d&#8217;aquest.</p>



<p><strong>Creixement econòmic i desenvolupament social</strong></p>



<p>Després de dècades d&#8217;intensa investigació sobre els determinants del creixement econòmic i de com fer arribar la prosperitat i el benestar social dels països més rics als més pobres, sorgeix la necessitat d&#8217;entendre per què en la pràctica, en la majoria dels casos, s&#8217;ha fallat en les mesures adoptades. Sorgeix la necessitat d&#8217;entendre per què en algunes regions han funcionat els incentius al creixement i en unes altres no, i en quina mesura el procés de creixement està lligat a l&#8217;eficiència de les institucions. És imperatiu entendre quins són i com actuen les barreres al creixement econòmic per a poder dissenyar els mecanismes capaços de generar un procés de convergència dels països més pobres cap als nivells de benestar i desenvolupament social dels més rics.&nbsp;</p>



<p><strong>Regles i processos d&#8217;assignació</strong></p>



<p>Un dels principals problemes socioeconòmics sorgeix del disseny de regles d&#8217;assignació. Entre els diferents objectius que ha de plantejar-se el legislador, un dels principals és reduir el conflicte existent entre els agents. Les pautes que imposa la Justícia Social són, a vegades, conflictives, podent portar a la no reconciliació d&#8217;aquestes. El principal objectiu és rebutjar el menor número dels grans Principis d&#8217;Equitat, sense caure en el conflicte anteriorment apuntat.&nbsp;</p>



<p>Entre els problemes més comunament analitzats podem destacar:</p>



<ul class="wp-block-list">
<li>Distribució de costos, l&#8217;aplicació dels quals a les diferents facetes, tant econòmiques com socials és d&#8217;especial rellevància.</li>



<li>Determinació de sistemes impositius que permeten finançar les actuacions socials.</li>



<li>Control mediambiental mitjançant sistemes d&#8217;incentius.</li>



<li>Assignació de recursos humans a les diferents tasques a desenvolupar, en funció de les habilitats dels agents i les característiques del lloc a exercir.</li>



<li>Millora des del punt de vista social, de l&#8217;assignació dels estudiants a les diferents titulacions, en funció de l&#8217;adequació dels mateixos als requisits d&#8217;aquestes i a les necessitats socials.</li>



<li>Finançament de projectes públics, atesa la racionalització del cost i l&#8217;optimització del servei.</li>



<li>Disseny de mecanismes que ajuden a mitigar la desigualtat salarial per raó de sexe.</li>
</ul>



<p><strong>Processos de creació i dissolució de societats</strong></p>



<p>En aquest àmbit, és de destacar l&#8217;interès per analitzar els processos de gestació d&#8217;acords a escala internacional, com ara el creixement geogràfic que està patint la Unió Europea.</p>



<p>És així mateix de remarcar la necessitat d&#8217;analitzar els acords que porten a una certa evolució de la societat quant a l&#8217;àmbit familiar es refereix. Entendre com i per què condicionants socioeconòmics influeixen en la configuració de les llars, atesa la generació o ruptura de famílies en el sentit tradicional.</p>



<p><a id="personal" href="#arriba"><strong>↑ amunt</strong></a></p>



<p class="has-large-font-size"><strong>Membres</strong></p>



<p><strong>Coordinador:</strong>&nbsp;<a href="https://cvnet.cpd.ua.es/curriculum-breve/es/alcalde-perez-jose/5840">Alcalde Pérez, José&nbsp;</a></p>



<p><strong>Membres:<br></strong><a href="https://cvnet.cpd.ua.es/curriculum-breve/es/denia-cuesta-alfonsa/27362">Denia Cuesta, Alfonsa</a><br><a href="https://cvnet.cpd.ua.es/curriculum-breve/es/guillo-fuentes-maria-dolores/13221">Guilló Fuentes, Dolores</a><br>Kostova Karabotcheva, Miroslava<br>Ortíz Arévalo, Pamela<br><a href="https://cvnet.cpd.ua.es/curriculum-breve/es/peris-ferrando-josep-enric/3471">Peris Ferrando, Josep Enric</a><br>Silva Reus, José Ángel<br><a href="https://cvnet.cpd.ua.es/curriculum-breve/es/subiza-martinez-maria-begona/7848">Subiza Martínez, María Begoña</a></p>



<p><a id="publicaciones" href="#arriba"><strong>↑ amunt</strong></a></p>



<p class="has-large-font-size"></p>



<p></p>

<p>El grup d&#8217;Elecció Social i Benestar centra les seues investigacions en diversos aspectes de la presa de decisions, dins d&#8217;un col·lectiu, i la seua possible repercussió en l&#8217;àmbit social. A títol il·lustratiu, es desenvolupen estudis sobre: Línies de treball&nbsp;&nbsp;Membres&nbsp; Línies de treball Procediments d&#8217;assignació de preferències Davant la dificultat de generar una ordenació d&#8217;alternatives socials, [&hellip;]</p>
