{"id":101,"date":"2022-12-30T18:18:57","date_gmt":"2022-12-30T17:18:57","guid":{"rendered":"https:\/\/iudesp.es\/?page_id=101"},"modified":"2024-11-12T10:34:33","modified_gmt":"2024-11-12T09:34:33","slug":"pobreza-y-exclusion-social","status":"publish","type":"page","link":"https:\/\/iudesp.es\/va\/unidades-de-investigacion\/pobreza-y-exclusion-social\/","title":{"rendered":"Pobresa i Exclusi\u00f3 Social"},"content":{"rendered":"\n<figure class=\"wp-block-image aligncenter size-large\"><img decoding=\"async\" src=\"https:\/\/iudesp.es\/va\/wp-content\/uploads\/2022\/12\/1024px-pobreza_010_300-1.jpeg\" alt=\"\"\/><\/figure>\n\n\n\n<p>Entesa com a privaci\u00f3 i tamb\u00e9 com a proc\u00e9s, la pobresa s&#8217;analitza des de les q\u00fcestions m\u00e9s formalitzades fins als aspectes m\u00e9s vinculats als processos d&#8217;empobriment, passant pels factors de vulnerabilitat i grups en situaci\u00f3 de risc social. Els projectes d&#8217;investigaci\u00f3 desenvolupats en aquesta l\u00ednia han perm\u00e8s acumular informaci\u00f3 i realitzar aportacions en aquest \u00e0mbit d&#8217;estudi a trav\u00e9s del reconeixement internacional dels resultats d&#8217;aquests, plasmats en les publicacions, documents de treball i pon\u00e8ncies en seminaris i congressos especialitzats.<\/p>\n\n\n\n<p>Les l\u00ednies d&#8217;investigaci\u00f3 que es treballen per l&#8217;equip abasten diversos aspectes:<\/p>\n\n\n\n<ul class=\"wp-block-list\">\n<li>Concepte, mesurament i lluita contra la pobresa i l&#8217;exclusi\u00f3 social<\/li>\n\n\n\n<li>Pobresa i perspectiva de g\u00e8nere<\/li>\n\n\n\n<li>Poblaci\u00f3 migrant i processos d&#8217;inclusi\u00f3\/exclusi\u00f3 social<a id=\"arriba\"><\/a><\/li>\n<\/ul>\n\n\n\n<p><a href=\"#lineas\">L\u00ednies de treball<\/a>&nbsp;&nbsp;<a href=\"#personal\">Membres<\/a>&nbsp;&nbsp;<a id=\"lineas\"><\/a><\/p>\n\n\n\n<p class=\"has-large-font-size\"><strong>L\u00ednies de treball<\/strong><\/p>\n\n\n\n<p><strong>Concepte, mesurament i lluita contra la pobresa i l&#8217;exclusi\u00f3 social<\/strong><\/p>\n\n\n\n<p>Definici\u00f3 \u00e0mplia de la pobresa i de l&#8217;exclusi\u00f3 social. Enfocament de les necessitats humanes b\u00e0siques. Enfocament de Desenvolupament Hum\u00e0. Potencialitats i capacitats. Pobresa en marc del desenvolupament de les societats capitalistes i dins del Sistema Mundial. Pobresa als pa\u00efsos integrants de l&#8217;OCDE. Processos d&#8217;empobriment comparats i an\u00e0lisi de riscos i vulnerabilitat en l&#8217;\u00e0mbit de la Uni\u00f3 Europea. Processos comparats d&#8217;empobriment a Am\u00e8rica Llatina i el Carib. Pobresa i salut. Lluita contra la pobresa: teoria i praxi. Pol\u00edtiques de salut com un factor de lluita contra la pobresa. Tercer sector i agents de solidaritat. Cooperaci\u00f3 al desenvolupament i impacte en la satisfacci\u00f3 de les necessitats humanes b\u00e0siques.<\/p>\n\n\n\n<p><strong>Pobresa i perspectiva de g\u00e8nere<\/strong><\/p>\n\n\n\n<p>Encara que la perspectiva de g\u00e8nere \u00e9s un eix transversal de l&#8217;Institut, b\u00e9 \u00e9s cert que s&#8217;ha desenvolupat una important labor d&#8217;investigaci\u00f3 en el camp de pobresa i perspectiva de g\u00e8nere que es destaca a continuaci\u00f3.<\/p>\n\n\n\n<p>L&#8217;enfocament de g\u00e8nere en els estudis sobre desenvolupament: perspectiva hist\u00f2rica. Inclusi\u00f3 de la perspectiva de g\u00e8nere en sistemes d&#8217;indicadors per a l&#8217;estudi de l&#8217;empobriment. G\u00e8nere i hist\u00f2ries de vida vinculades a processos d&#8217;empobriment de la dona. An\u00e0lisi internacional comparada de l&#8217;empobriment de les dones a trav\u00e9s de l&#8217;an\u00e0lisi d&#8217;informaci\u00f3 procedent de bases de dades internacionals del Banc Mundial, Programa de Nacions Unides per al Desenvolupament o Luxemboug Income Study.<\/p>\n\n\n\n<p><strong>Poblaci\u00f3 migrant i processos d&#8217;inclusi\u00f3\/exclusi\u00f3 social<\/strong><\/p>\n\n\n\n<p>Teories sobre les migracions humanes. Mobilitat humana, despla\u00e7aments for\u00e7osos, sistema econ\u00f2mic i conflictes armats. Processos d&#8217;integraci\u00f3 social i interculturalitat. Inf\u00e0ncia i joventut en situaci\u00f3 de risc social: fills menors de migrants escolaritzats i construcci\u00f3 d&#8217;una xarxa de seguiment de problemes socials. Immigrants llatinoamericans a Europa i Espanya. Migraci\u00f3 i mercats de treball.<\/p>\n\n\n\n<p><a id=\"personal\" href=\"#arriba\"><strong>\u2191 amunt<\/strong><\/a><\/p>\n\n\n\n<p class=\"has-large-font-size\"><strong>Membres<\/strong><\/p>\n\n\n\n<p><strong>Coordinadora:<\/strong>&nbsp;<a href=\"https:\/\/cvnet.cpd.ua.es\/curriculum-breve\/es\/espinar-ruiz-eva\/8844\">Espinar Ruiz, Eva&nbsp;<\/a><\/p>\n\n\n\n<p><strong>Membres:<br><\/strong>Arza Porras, Javier<br><a href=\"https:\/\/cvnet.cpd.ua.es\/curriculum-breve\/ca\/ferrandez-ferrer-alicia\/220085\">Ferr\u00e1ndez Ferrer, Alicia<\/a><br><a href=\"https:\/\/cvnet.cpd.ua.es\/curriculum-breve\/es\/la-parra-casado-daniel\/7996\">La Parra Casado, Daniel<\/a><br><a href=\"https:\/\/cvnet.cpd.ua.es\/curriculum-breve\/es\/marti-sempere-monica\/17317\">Mart\u00ed Sempere, M\u00f3nica<\/a><br><a href=\"https:\/\/cvnet.cpd.ua.es\/curriculum-breve\/es\/martinez-gras-rodolfo\/2965\">Mart\u00ednez Gras, Rodolfo<\/a><br><a href=\"https:\/\/cvnet.cpd.ua.es\/curriculum-breve\/es\/rodenas-calatayud-maria-carmen\/26005\">R\u00f3denas Calatayud, Carmen<\/a><\/p>\n\n\n\n<p><a id=\"publicaciones\" href=\"#arriba\"><strong>\u2191 amunt<\/strong><\/a><\/p>\n\n\n\n<p class=\"has-large-font-size\"><\/p>\n","protected":false},"excerpt":{"rendered":"<p>Entesa com a privaci\u00f3 i tamb\u00e9 com a proc\u00e9s, la pobresa s&#8217;analitza des de les q\u00fcestions m\u00e9s formalitzades fins als aspectes m\u00e9s vinculats als processos d&#8217;empobriment, passant pels factors de vulnerabilitat i grups en situaci\u00f3 de risc social. Els projectes d&#8217;investigaci\u00f3 desenvolupats en aquesta l\u00ednia han perm\u00e8s acumular informaci\u00f3 i realitzar aportacions en aquest \u00e0mbit [&hellip;]<\/p>\n","protected":false},"author":1,"featured_media":0,"parent":60,"menu_order":2,"comment_status":"closed","ping_status":"closed","template":"","meta":{"footnotes":""},"class_list":["post-101","page","type-page","status-publish","hentry"],"_links":{"self":[{"href":"https:\/\/iudesp.es\/va\/wp-json\/wp\/v2\/pages\/101","targetHints":{"allow":["GET"]}}],"collection":[{"href":"https:\/\/iudesp.es\/va\/wp-json\/wp\/v2\/pages"}],"about":[{"href":"https:\/\/iudesp.es\/va\/wp-json\/wp\/v2\/types\/page"}],"author":[{"embeddable":true,"href":"https:\/\/iudesp.es\/va\/wp-json\/wp\/v2\/users\/1"}],"replies":[{"embeddable":true,"href":"https:\/\/iudesp.es\/va\/wp-json\/wp\/v2\/comments?post=101"}],"version-history":[{"count":3,"href":"https:\/\/iudesp.es\/va\/wp-json\/wp\/v2\/pages\/101\/revisions"}],"predecessor-version":[{"id":760,"href":"https:\/\/iudesp.es\/va\/wp-json\/wp\/v2\/pages\/101\/revisions\/760"}],"up":[{"embeddable":true,"href":"https:\/\/iudesp.es\/va\/wp-json\/wp\/v2\/pages\/60"}],"wp:attachment":[{"href":"https:\/\/iudesp.es\/va\/wp-json\/wp\/v2\/media?parent=101"}],"curies":[{"name":"wp","href":"https:\/\/api.w.org\/{rel}","templated":true}]}}

Pobresa i Exclusió Social

<figure class="wp-block-image aligncenter size-large"><img decoding="async" src="https://iudesp.es/va/wp-content/uploads/2022/12/1024px-pobreza_010_300-1.jpeg" alt=""/></figure>



<p>Entesa com a privació i també com a procés, la pobresa s&#8217;analitza des de les qüestions més formalitzades fins als aspectes més vinculats als processos d&#8217;empobriment, passant pels factors de vulnerabilitat i grups en situació de risc social. Els projectes d&#8217;investigació desenvolupats en aquesta línia han permès acumular informació i realitzar aportacions en aquest àmbit d&#8217;estudi a través del reconeixement internacional dels resultats d&#8217;aquests, plasmats en les publicacions, documents de treball i ponències en seminaris i congressos especialitzats.</p>



<p>Les línies d&#8217;investigació que es treballen per l&#8217;equip abasten diversos aspectes:</p>



<ul class="wp-block-list">
<li>Concepte, mesurament i lluita contra la pobresa i l&#8217;exclusió social</li>



<li>Pobresa i perspectiva de gènere</li>



<li>Població migrant i processos d&#8217;inclusió/exclusió social<a id="arriba"></a></li>
</ul>



<p><a href="#lineas">Línies de treball</a>&nbsp;&nbsp;<a href="#personal">Membres</a>&nbsp;&nbsp;<a id="lineas"></a></p>



<p class="has-large-font-size"><strong>Línies de treball</strong></p>



<p><strong>Concepte, mesurament i lluita contra la pobresa i l&#8217;exclusió social</strong></p>



<p>Definició àmplia de la pobresa i de l&#8217;exclusió social. Enfocament de les necessitats humanes bàsiques. Enfocament de Desenvolupament Humà. Potencialitats i capacitats. Pobresa en marc del desenvolupament de les societats capitalistes i dins del Sistema Mundial. Pobresa als països integrants de l&#8217;OCDE. Processos d&#8217;empobriment comparats i anàlisi de riscos i vulnerabilitat en l&#8217;àmbit de la Unió Europea. Processos comparats d&#8217;empobriment a Amèrica Llatina i el Carib. Pobresa i salut. Lluita contra la pobresa: teoria i praxi. Polítiques de salut com un factor de lluita contra la pobresa. Tercer sector i agents de solidaritat. Cooperació al desenvolupament i impacte en la satisfacció de les necessitats humanes bàsiques.</p>



<p><strong>Pobresa i perspectiva de gènere</strong></p>



<p>Encara que la perspectiva de gènere és un eix transversal de l&#8217;Institut, bé és cert que s&#8217;ha desenvolupat una important labor d&#8217;investigació en el camp de pobresa i perspectiva de gènere que es destaca a continuació.</p>



<p>L&#8217;enfocament de gènere en els estudis sobre desenvolupament: perspectiva històrica. Inclusió de la perspectiva de gènere en sistemes d&#8217;indicadors per a l&#8217;estudi de l&#8217;empobriment. Gènere i històries de vida vinculades a processos d&#8217;empobriment de la dona. Anàlisi internacional comparada de l&#8217;empobriment de les dones a través de l&#8217;anàlisi d&#8217;informació procedent de bases de dades internacionals del Banc Mundial, Programa de Nacions Unides per al Desenvolupament o Luxemboug Income Study.</p>



<p><strong>Població migrant i processos d&#8217;inclusió/exclusió social</strong></p>



<p>Teories sobre les migracions humanes. Mobilitat humana, desplaçaments forçosos, sistema econòmic i conflictes armats. Processos d&#8217;integració social i interculturalitat. Infància i joventut en situació de risc social: fills menors de migrants escolaritzats i construcció d&#8217;una xarxa de seguiment de problemes socials. Immigrants llatinoamericans a Europa i Espanya. Migració i mercats de treball.</p>



<p><a id="personal" href="#arriba"><strong>↑ amunt</strong></a></p>



<p class="has-large-font-size"><strong>Membres</strong></p>



<p><strong>Coordinadora:</strong>&nbsp;<a href="https://cvnet.cpd.ua.es/curriculum-breve/es/espinar-ruiz-eva/8844">Espinar Ruiz, Eva&nbsp;</a></p>



<p><strong>Membres:<br></strong>Arza Porras, Javier<br><a href="https://cvnet.cpd.ua.es/curriculum-breve/ca/ferrandez-ferrer-alicia/220085">Ferrández Ferrer, Alicia</a><br><a href="https://cvnet.cpd.ua.es/curriculum-breve/es/la-parra-casado-daniel/7996">La Parra Casado, Daniel</a><br><a href="https://cvnet.cpd.ua.es/curriculum-breve/es/marti-sempere-monica/17317">Martí Sempere, Mónica</a><br><a href="https://cvnet.cpd.ua.es/curriculum-breve/es/martinez-gras-rodolfo/2965">Martínez Gras, Rodolfo</a><br><a href="https://cvnet.cpd.ua.es/curriculum-breve/es/rodenas-calatayud-maria-carmen/26005">Ródenas Calatayud, Carmen</a></p>



<p><a id="publicaciones" href="#arriba"><strong>↑ amunt</strong></a></p>



<p class="has-large-font-size"></p>

<p>Entesa com a privació i també com a procés, la pobresa s&#8217;analitza des de les qüestions més formalitzades fins als aspectes més vinculats als processos d&#8217;empobriment, passant pels factors de vulnerabilitat i grups en situació de risc social. Els projectes d&#8217;investigació desenvolupats en aquesta línia han permès acumular informació i realitzar aportacions en aquest àmbit [&hellip;]</p>
